y z.
13
Suppose h + 0*h + 23 = -4*b, -2*b - 7 = 5*h. Let c = 13 + b. Calculate the remainder when 39 is divided by 142/c - (-6)/(-21).
19
Let d(m) = m**2 + 9*m + 9. Let w be d(-6). Let g be (-3)/w - (-209)/3. Suppose -2*q - g = -7*q. Calculate the remainder when 26 is divided by q.
12
Suppose -5*a = 2*q - 3*a - 214, 6 = -3*a. What is the remainder when q is divided by 28?
25
Let a = -34 + 69. What is the remainder when 138 is divided by a?
33
Suppose 53 = y + 29. Calculate the remainder when 189 is divided by y.
21
Let v be 1/2*12/(-6). Let q be (v*1)/(3/(-195)). Suppose -5*i = 5*z - q, 2*i - 3*z - 46 = -0*z. What is the remainder when 50 is divided by i?
16
Let l(h) = -2*h**3 + h. Let b be l(1). What is the remainder when 2 is divided by b/(-1) - (1 - 2)?
0
Suppose 5*p + 83 = s + 4, 4*s - 3*p - 248 = 0. Calculate the remainder when s is divided by (-1 - 9)/((-6)/12).
19
Let r(x) = x**3 - 4. Let o be r(0). Let y be 81/12 - 2/(-8). Let c = y - o. What is the remainder when c is divided by 6?
5
Let g(n) = -n**2 + 16. Let s = 2 - -1. Calculate the remainder when g(-3) is divided by s.
1
Let i(t) = -t**2 - 9*t - 2. Let y be ((-7)/(-3))/((-4)/12). Let r be i(y). What is the remainder when 38 is divided by r*1*1 - -1?
12
Let o = 50 + -20. Calculate the remainder when o is divided by 4.
2
Let t(i) = i**3 + i + 23. What is the remainder when t(0) is divided by 14?
9
Let p(f) = -3 + 2*f + 4 - 7*f**2 - 18*f**3 + 9*f**2. Calculate the remainder when p(-1) is divided by 11.
8
Suppose -b + 3 = q, -3*q + 4*b = -13 - 17. Let w(t) = -t**2 + 9*t - 2. Calculate the remainder when w(6) is divided by q.
4
Let n = 40 + -24. What is the remainder when 19 is divided by 87/12 - 4/n?
5
Suppose 0 = 13*v - 19*v + 678. Calculate the remainder when v is divided by 19.
18
Suppose 57 = 2*r - 9. Let v be (-6)/4 - r/(-6). Suppose 0*y = -4*n - 5*y + 12, v*n - 3*y - 44 = 0. Calculate the remainder when 22 is divided by n.
6
Suppose -2*i - 3*i + 10 = -5*d, 0 = -4*i - d + 8. Suppose 4 = -3*u - u, 5*s + 5*u = 0. Let w = s + i. Calculate the remainder when 8 is divided by w.
2
Let f be (-2)/6*(-15 + 12). Suppose 3*m - f = 95. Suppose 0*w + 51 = 3*w. What is the remainder when m is divided by w?
15
Let c be (0 + 5)/((-7)/(-21)). Suppose 0 = o + 3*k - c, k + 0*k = 0. What is the remainder when o is divided by 8?
7
Suppose -2*x = x - 4*y - 32, -4*x - 3*y + 1 = 0. Suppose -a + x = -8. Suppose -4*w + a = -8. What is the remainder when 14 is divided by w?
4
Let x be -3*((-7)/3 + 3). Let j(n) = 2*n**2 + 2*n + 1. What is the remainder when 11 is divided by j(x)?
1
Let y = -22 + 48. Let r = -13 + y. What is the remainder when r is divided by 5?
3
Let l(c) = 8*c - 6*c - 2*c**2 + 5*c + 2 + c**2. Let b = -29 - -60. Calculate the remainder when b is divided by l(6).
7
Suppose 55 = 4*m + 19. Let b = m + 0. Let u = 2 - -31. What is the remainder when u is divided by b?
6
Suppose -3*k = -4*k + 29. What is the remainder when k is divided by 17?
12
Suppose 5*a - 13 = -n, 5*n - 117 = a - 26. Calculate the remainder when n is divided by ((-56)/8)/(1 - 2).
4
Suppose 8*u = 2*u + 114. What is the remainder when 74 is divided by u?
17
Suppose 10 = -3*a + 64. Let o(l) = l**2 + l - 1. What is the remainder when a is divided by o(2)?
3
Let b(k) = 4*k**2 - k + 2. Calculate the remainder when 78 is divided by b(-2).
18
Let f(a) be the first derivative of -a**2/2 + 15*a + 1. Let r be (0/1)/(2/(-1)). What is the remainder when 43 is divided by f(r)?
13
Let k(u) = -u. Let w be k(-3). Suppose 3*o = w*l + 36, 4*o = 5*l - 8 + 51. Calculate the remainder when o is divided by 5.
2
Let s be 9 + 3 + (-2 - 3). Suppose 4*u = b + 24, 3*b + 4 = -3*u + s. Suppose u*o - 8 = 2. What is the remainder when 4 is divided by o?
0
Let l = 16 + -27. Let w = 24 - l. What is the remainder when w is divided by 18?
17
Let f(g) = -g - 1. Let y be f(-3). Suppose -52 = -4*b + y*b. What is the remainder when b is divided by 9?
8
Let c(n) = 3*n**2 + 5*n - 4. Let w = -6 + 6. Suppose w = x + 10 - 23. Calculate the remainder when c(-4) is divided by x.
11
Suppose 11*r = 9*r + 106. Let m = 5 - -9. What is the remainder when r is divided by m?
11
Suppose -o - 24 = -4*a + o, 5*a + 5*o = 30. Calculate the remainder when 2/(-3) - (-28)/a is divided by (-1 - -4) + -4 + 3.
0
Let q be (0 - 15/(-6))*10. Suppose -2*p - 4*j = p - 44, -q = -5*j. Suppose 2*i = -2*l + p, l = i + 3*i - 11. Calculate the remainder when 5 is divided by i.
2
What is the remainder when 22 is divided by ((-12)/(-7))/((-1)/(-7))?
10
Suppose -4*p = -4*t + 4, -t - p = -7 - 4. Calculate the remainder when 81 is divided by (-14)/((-22)/t - -3).
18
Let t(z) = 422*z + 8. Let i be t(-4). What is the remainder when (-2)/6*i/20 is divided by (-1 - -10) + (-1)/(-1)?
8
Let x(m) = -2*m + 19. Let q(j) = -j + 10. Let d(r) = 5*q(r) - 3*x(r). Let w be d(0). Let f(t) = -t - 1. What is the remainder when f(w) is divided by 4?
2
Suppose -27 = 5*c - 92. What is the remainder when 36 is divided by c?
10
Let o(l) = 40*l**3 + l - 1. Let v be o(1). Let q = v - 26. Calculate the remainder when 40 is divided by q.
12
Let l(r) = -r + 9. Let w be l(7). Let k be ((-72)/(-10))/(w/10). Suppose 3*y = -0*y + k. What is the remainder when 46 is divided by y?
10
Let b be 1/((1*-2)/60). Let i = -64 - b. Let s = i - -56. Calculate the remainder when s is divided by 12.
10
Suppose 25 = -2*a + 2*w + 81, -2*w + 147 = 5*a. What is the remainder when a is divided by (-20 + 0)/(-1*(1 - -1))?
9
Let y be 0 - 1/(1/4). Let l = 15 + y. Calculate the remainder when 21 is divided by l.
10
Let d(s) = -3*s**2 - 30*s**3 - 2*s**2 + 31*s**3 + s + 7. Calculate the remainder when d(5) is divided by 7.
5
Let g(p) = -p**2 - 15*p - 14. Let x be g(-14). Suppose x = -w + 4*w - 234. Calculate the remainder when w is divided by 20.
18
Suppose -n - 2*g + 49 = 0, 231 = 5*n + 4*g - g. What is the remainder when n is divided by 16?
13
Let l be (10/(-4))/((-2)/4). Suppose 2*a - 112 = -5*v, -v + 6*v - 105 = l*a. Calculate the remainder when 43 is divided by v.
21
Suppose -6*x + 32 = -4*x. Suppose -21 = 2*u + 3*m, 3*u - m = -u - 77. Let j = 48 + u. What is the remainder when j is divided by x?
14
Let h = -1 + 6. Let u(j) = 2*j + 2. Let s be u(10). Let o = -9 + s. Calculate the remainder when o is divided by h.
3
Let o(f) = -f**3 + 7*f**2 - 3*f - 5. Let c = -765 - -772. What is the remainder when o(6) is divided by c?
6
Suppose -2*k + 3*k - 11 = 4*m, -4*m = 4. Suppose -r = 2*r + 9, 2*z = -4*r + 28. Calculate the remainder when z is divided by k.
6
Let u be 6 - (3 + -2 + 0). Suppose -2*n = n - u*d - 13, -3*n + 29 = -d. Let h = 11 + 9. Calculate the remainder when h is divided by n.
9
Let n = 174 - 97. Suppose -t + n = -5. Suppose 4*o - t = 2*o. Calculate the remainder when o is divided by 21.
20
Suppose -4*h = -h - 9. Let w(z) = -z**3 + z**2 - z. Let l be w(0). Suppose 3*y - 5*y + 4 = l. Calculate the remainder when h is divided by y.
1
Let w be -1*1*(-30)/(-1). Calculate the remainder when 86 is divided by ((-44)/5)/(12/w).
20
Let w(d) = d**2 + d - 2. Let x be w(0). Let p = x + 5. Calculate the remainder when p is divided by 2.
1
Let w = 87 + -61. Calculate the remainder when 28 is divided by w.
2
Let g(k) = -2*k + 1. Suppose 5*c + 10 = 0, -3*c + 33 = -l + 4*l. Calculate the remainder when l is divided by g(-2).
3
Suppose 0 = -2*v + r + 25 + 3, 3*v + 4*r - 42 = 0. Suppose 3*j = v + 19. Calculate the remainder when 19 is divided by j.
8
Suppose -4*d = 5*u + 12, -d - 4*u + 6 = -5*u. Suppose 0*b + d*b - 10 = 0. Suppose -w = 3*w - 36. What is the remainder when w is divided by b?
4
Suppose -4*a + 5*m - m + 12 = 0, -4*a + 5*m = -15. Suppose 4*i + 261 - 665 = a. What is the remainder when i is divided by 26?
23
Let i = -5 - -7. Suppose i*m = -4*t + 52, -4*m = -2*t + 8 - 2. Suppose r - 2 = 19. Calculate the remainder when r is divided by t.
10
Suppose 5*k - 87 = -2*w, 83 = 3*k + 2*k + 3*w. What is the remainder when k is divided by (-3)/6*(-3 - 11)?
5
Let n(y) = y**3 + 6*y**2 + 4. What is the remainder when n(-3) is divided by 18?
13
Let g(a) = a**2 - 3*a + 2. Let x be g(3). Suppose 0*n + 6 = x*n. Let l = n - -1. What is the remainder when l is divided by 2?
0
Let j(y) = y + 3*y - 5*y + 7. Suppose 3*t + 60 = 8*t. What is the remainder when t is divided by